ousands digit of 319335?
3
What is the ten thousands digit of 254638?
5
What is the hundred thousands digit of 2773712?
7
What is the thousands digit of 483431?
3
What is the ten thousands digit of 61045?
6
What is the tens digit of 555345?
4
What is the hundred thousands digit of 246926?
2
What is the hundred thousands digit of 612185?
6
What is the ten millions digit of 15059972?
1
What is the tens digit of 731295?
9
What is the units digit of 255628?
8
What is the hundred thousands digit of 335119?
3
What is the thousands digit of 9868649?
8
What is the units digit of 6933385?
5
What is the hundreds digit of 272396?
3
What is the thousands digit of 638357?
8
What is the hundreds digit of 541247?
2
What is the hundreds digit of 1582559?
5
What is the hundreds digit of 781043?
0
What is the units digit of 1336415?
5
What is the hundreds digit of 30961?
9
What is the ten thousands digit of 474474?
7
What is the hundred thousands digit of 8022390?
0
What is the hundreds digit of 14657647?
6
What is the thousands digit of 2658987?
8
What is the thousands digit of 1703603?
3
What is the thousands digit of 255126?
5
What is the millions digit of 25753941?
5
What is the ten thousands digit of 74143?
7
What is the millions digit of 1951795?
1
What is the hundred thousands digit of 1735743?
7
What is the units digit of 247942?
2
What is the units digit of 911075?
5
What is the units digit of 579300?
0
What is the hundred thousands digit of 172390?
1
What is the hundred thousands digit of 975271?
9
What is the units digit of 235048?
8
What is the thousands digit of 251389?
1
What is the thousands digit of 1830103?
0
What is the hundred thousands digit of 125268?
1
What is the hundreds digit of 219514?
5
What is the hundred thousands digit of 4065788?
0
What is the hundreds digit of 27980561?
5
What is the millions digit of 20721673?
0
What is the hundred thousands digit of 2369012?
3
What is the ten millions digit of 10787296?
1
What is the thousands digit of 800668?
0
What is the hundred thousands digit of 1137578?
1
What is the hundred thousands digit of 3119514?
1
What is the thousands digit of 113109?
3
What is the units digit of 1261248?
8
What is the hundreds digit of 55190?
1
What is the hundred thousands digit of 12036780?
0
What is the units digit of 3111252?
2
What is the thousands digit of 12980389?
0
What is the thousands digit of 4624567?
4
What is the hundreds digit of 5034174?
1
What is the thousands digit of 234171?
4
What is the millions digit of 1290140?
1
What is the hundred thousands digit of 1349256?
3
What is the thousands digit of 52139?
2
What is the ten thousands digit of 278673?
7
What is the tens digit of 1127101?
0
What is the thousands digit of 81155?
1
What is the millions digit of 2699122?
2
What is the units digit of 37868?
8
What is the ten millions digit of 28375690?
2
What is the units digit of 2973744?
4
What is the hundred thousands digit of 125860?
1
What is the ten thousands digit of 419942?
1
What is the ten thousands digit of 164059?
6
What is the tens digit of 9312966?
6
What is the units digit of 1253163?
3
What is the units digit of 14973611?
1
What is the thousands digit of 1247909?
7
What is the hundreds digit of 373251?
2
What is the tens digit of 18078?
7
What is the hundreds digit of 428825?
8
What is the units digit of 30198142?
2
What is the units digit of 530021?
1
What is the hundreds digit of 6617872?
8
What is the millions digit of 1382086?
1
What is the ten thousands digit of 8071760?
7
What is the hundreds digit of 3432013?
0
What is the tens digit of 3475292?
9
What is the ten thousands digit of 157141?
5
What is the tens digit of 77346?
4
What is the hundreds digit of 491973?
9
What is the millions digit of 12679116?
2
What is the ten thousands digit of 7188986?
8
What is the ten millions digit of 10300981?
1
What is the hundreds digit of 198741?
7
What is the ten thousands digit of 285315?
8
What is the thousands digit of 424815?
4
What is the hundred thousands digit of 510382?
5
What is the hundreds digit of 456593?
5
What is the hundreds digit of 228653?
6
What is the hundred thousands digit of 922781?
9
What is the units digit of 405056?
6
What is the tens digit of 3161505?
0
What is the units digit of 3850034?
4
What is the hundred thousands digit of 817645?
8
What is the thousands digit of 181606?
1
What is the thousands digit of 3238043?
8
What is the millions digit of 2535485?
2
What is the thousands digit of 1428884?
8
What is the units digit of 72483?
3
What is the hundreds digit of 1213417?
4
What is the units digit of 49290?
0
What is the units digit of 542051?
1
What is the units digit of 1340490?
0
What is the units digit of 1611442?
2
What is the hundreds digit of 145175?
1
What is the ten thousands digit of 504287?
0
What is the hundreds digit of 2540?
5
What is the hundred thousands digit of 5240293?
2
What is the tens digit of 43068?
6
What is the hundreds digit of 141066?
0
What is the thousands digit of 52444?
2
What is the hundreds digit of 318794?
7
What is the units digit of 2666699?
9
What is the hundreds digit of 12984239?
2
What is the thousands digit of 229801?
9
What is the ten thousands digit of 9911192?
1
What is the ten thousands digit of 90386?
9
What is the hundred thousands digit of 229277?
2
What is the ten thousands digit of 674132?
7
What is the thousands digit of 5466349?
6
What is the units digit of 3976555?
5
What is the tens digit of 10864713?
1
What is the hundred thousands digit of 1328749?
3
What is the ten thousands digit of 12522796?
2
What is the hundreds digit of 648227?
2
What is the hundred thousands digit of 166792?
1
What is the hundreds digit of 3998498?
4
What is the units digit of 1615599?
9
What is the hundred thousands digit of 2103481?
1
What is the ten thousands digit of 109542?
0
What is the ten thousands digit of 1927684?
2
What is the hundred thousands digit of 1604614?
6
What is the thousands digit of 123021?
3
What is the tens digit of 982504?
0
What is the ten thousands digit of 6460495?
6
What is the hundreds digit of 1664715?
7
What is the hundreds digit of 681009?
0
What is the ten thousands digit of 10347948?
4
What is the thousands digit of 1229201?
9
What is the hundreds digit of 242691?
6
What is the thousands digit of 11402204?
2
What is the units digit of 230208?
8
What is the hundreds digit of 165164?
1
What is the tens digit of 2306100?
0
What is the millions digit of 15049868?
5
What is the hundreds digit of 19717277?
2
What is the hundred thousands digit of 17971008?
9
What is the hundreds digit of 248699?
6
What is the ten thousands digit of 2556333?
5
What is the hundreds digit of 20634158?
1
What is the ten thousands digit of 262938?
6
What is the hundreds digit of 253889?
8
What is the hundred thousands digit of 12188701?
1
What is the hundreds digit of 308728?
7
What is the units digit of 21059627?
7
What is the millions digit of 6417222?
6
What is the ten thousands digit of 4386758?
8
What is the ten thousands digit of 393666?
9
What is the millions digit of 1754676?
1
What is the units digit of 371862?
2
What is the units digit of 216130?
0
What is the hundreds digit of 25279?
2
What is the ten thousands digit of 4409224?
0
What is the tens digit of 35656519?
1
What is the millions digit of 1177730?
1
What is the tens digit of 1569819?
1
What is the thousands digit of 9635497?
5
What is the hundreds digit of 363245?
2
What is the units digit of 5272979?
9
What is the ten thousands digit of 2431236?
3
What is the hundred thousands digit of 165767?
1
What is the ten thousands digit of 183700?
8
What is the thousands digit of 363539?
3
What is the tens digit of 6027960?
6
What is the hundred thousands digit of 4280904?
2
What is the units digit of 133256?
6
What is the tens digit of 90968?
6
What is the hundred thousands digit of 381436?
3
What is the hundred thousands digit of 3789854?
7
What is the units digit of 2333322?
2
What is the hundreds digit of 1296111?
1
What is the hundred thousands digit of 821767?
8
What is the millions digit of 3228479?
3
What is the thousands digit of 236439?
6
What is the units digit of 220078?
8
What is the hundred thousands digit of 396718?
3
What is the units digit of 29